{"id":38,"date":"2022-12-19T14:52:44","date_gmt":"2022-12-19T13:52:44","guid":{"rendered":"https:\/\/www.microports.de\/?page_id=38"},"modified":"2023-05-31T13:05:02","modified_gmt":"2023-05-31T11:05:02","slug":"projektpartner","status":"publish","type":"page","link":"https:\/\/www.microports.de\/index.php\/projektpartner\/","title":{"rendered":"Projektpartner"},"content":{"rendered":"\n<div style=\"height:15px\" aria-hidden=\"true\" class=\"wp-block-spacer\"><\/div>\n\n\n\n<div class=\"wp-block-media-text alignwide is-stacked-on-mobile\" style=\"grid-template-columns:25% auto\"><figure class=\"wp-block-media-text__media\"><img loading=\"lazy\" decoding=\"async\" width=\"1024\" height=\"355\" src=\"https:\/\/www.microports.de\/wp-content\/uploads\/2023\/03\/F05010135_BIBA_Logo_mit_Schrift_kurz-1024x355.png\" alt=\"\" class=\"wp-image-89 size-full\" srcset=\"https:\/\/www.microports.de\/wp-content\/uploads\/2023\/03\/F05010135_BIBA_Logo_mit_Schrift_kurz-1024x355.png 1024w, https:\/\/www.microports.de\/wp-content\/uploads\/2023\/03\/F05010135_BIBA_Logo_mit_Schrift_kurz-300x104.png 300w, https:\/\/www.microports.de\/wp-content\/uploads\/2023\/03\/F05010135_BIBA_Logo_mit_Schrift_kurz-768x267.png 768w, https:\/\/www.microports.de\/wp-content\/uploads\/2023\/03\/F05010135_BIBA_Logo_mit_Schrift_kurz.png 1311w\" sizes=\"auto, (max-width: 1024px) 100vw, 1024px\" \/><\/figure><div class=\"wp-block-media-text__content\">\n<p style=\"font-size:30px\"><strong><strong>BIBA <\/strong><\/strong><\/p>\n\n\n\n<p>Das <a href=\"http:\/\/www.biba.uni-bremen.de\/\">BIBA \u2013 Bremer Institut f\u00fcr Produktion und Logistik GmbH<\/a> ist ein ingenieurwissenschaftliches Forschungsinstitut. Im Juli 1981 wurde es als An-Institut der Universit\u00e4t Bremen gegr\u00fcndet und z\u00e4hlt heute zu den gr\u00f6\u00dferen Forschungseinrichtungen im Land. Die Besch\u00e4ftigten stammen aus sehr unterschiedlichen Disziplinen, was die Basis bildet, um innovative technische und organisatorische L\u00f6sungen zu erforschen und zu entwickeln.<\/p>\n<\/div><\/div>\n\n\n\n<div style=\"height:30px\" aria-hidden=\"true\" class=\"wp-block-spacer\"><\/div>\n\n\n\n<div class=\"wp-block-media-text alignwide is-stacked-on-mobile\" style=\"grid-template-columns:25% auto\"><figure class=\"wp-block-media-text__media\"><img loading=\"lazy\" decoding=\"async\" width=\"537\" height=\"210\" src=\"https:\/\/www.microports.de\/wp-content\/uploads\/2023\/02\/NWL-02.png\" alt=\"\" class=\"wp-image-79 size-full\" srcset=\"https:\/\/www.microports.de\/wp-content\/uploads\/2023\/02\/NWL-02.png 537w, https:\/\/www.microports.de\/wp-content\/uploads\/2023\/02\/NWL-02-300x117.png 300w\" sizes=\"auto, (max-width: 537px) 100vw, 537px\" \/><\/figure><div class=\"wp-block-media-text__content\">\n<p style=\"font-size:30px\"><strong><strong>NWL<\/strong><\/strong> <\/p>\n\n\n\n<p>Die <a href=\"https:\/\/www.binnenschiff.eu\/\">NWL Norddeutsche Wasserweg Logistik GmbH<\/a> wurde 1993 gegr\u00fcndet um den G\u00fcter- und Containertransport per Binnenschiff zwischen Bremerhaven, Antwerpen, Rotterdam, Amsterdam und diversen anderen Binnenh\u00e4fen in Norddeutschland wasserseitig zu verbinden. Als Anwendungspartner bringt das Unternehmen seine umfangreichen Kenntnisse in den Bereichen der Binnenschifffahrt und des Containertransports in das Projekt ein.<\/p>\n<\/div><\/div>\n\n\n\n<div style=\"height:30px\" aria-hidden=\"true\" class=\"wp-block-spacer\"><\/div>\n\n\n\n<div class=\"wp-block-media-text alignwide is-stacked-on-mobile\" style=\"grid-template-columns:25% auto\"><figure class=\"wp-block-media-text__media\"><img loading=\"lazy\" decoding=\"async\" width=\"529\" height=\"177\" src=\"https:\/\/www.microports.de\/wp-content\/uploads\/2023\/02\/HS-Emden-leer.png\" alt=\"\" class=\"wp-image-74 size-full\" srcset=\"https:\/\/www.microports.de\/wp-content\/uploads\/2023\/02\/HS-Emden-leer.png 529w, https:\/\/www.microports.de\/wp-content\/uploads\/2023\/02\/HS-Emden-leer-300x100.png 300w\" sizes=\"auto, (max-width: 529px) 100vw, 529px\" \/><\/figure><div class=\"wp-block-media-text__content\">\n<p style=\"font-size:30px\"><strong><strong><strong>Hochschule Emden Leer<\/strong><\/strong><\/strong><\/p>\n\n\n\n<p>Die <a href=\"https:\/\/www.hs-emden-leer.de\/\">Hochschule Emden Leer<\/a> ist mit dem Fachbereich Seefahrt und Maritime Wissenschaften in dem Forschungsprojekt vertreten. Der Fachbereich befasst sich in der Forschung mit wesentlichen maritimen Themen von der Schiffsf\u00fchrungssimulation bis hin zur Meerestechnik.<\/p>\n<\/div><\/div>\n\n\n\n<div style=\"height:30px\" aria-hidden=\"true\" class=\"wp-block-spacer\"><\/div>\n\n\n\n<div class=\"wp-block-media-text alignwide is-stacked-on-mobile\" style=\"grid-template-columns:25% auto\"><figure class=\"wp-block-media-text__media\"><img loading=\"lazy\" decoding=\"async\" width=\"1008\" height=\"544\" src=\"https:\/\/www.microports.de\/wp-content\/uploads\/2023\/02\/jadehs-logo-transformed.png\" alt=\"\" class=\"wp-image-78 size-full\" srcset=\"https:\/\/www.microports.de\/wp-content\/uploads\/2023\/02\/jadehs-logo-transformed.png 1008w, https:\/\/www.microports.de\/wp-content\/uploads\/2023\/02\/jadehs-logo-transformed-300x162.png 300w, https:\/\/www.microports.de\/wp-content\/uploads\/2023\/02\/jadehs-logo-transformed-768x414.png 768w\" sizes=\"auto, (max-width: 1008px) 100vw, 1008px\" \/><\/figure><div class=\"wp-block-media-text__content\">\n<p style=\"font-size:30px\"><strong><strong>Jade Hochschule<\/strong><\/strong><\/p>\n\n\n\n<p>Die <a href=\"https:\/\/www.jade-hs.de\/\">Jade Hochschule<\/a> bietet an ihren drei Studienorten im Nordwesten Deutschlands \u00fcber 50 Studieng\u00e4nge an. Im Projekt ist die Hochschule mit dem Institut IDOK \u2013 Datenbankorientiertes Konstruieren im Projekt vertreten. Das Institut hat umfangreiche Kenntnisse im Bereich der Bauinformationsmodellierung, auch bekannt als Building Information Modeling (BIM).<\/p>\n<\/div><\/div>\n\n\n\n<div style=\"height:30px\" aria-hidden=\"true\" class=\"wp-block-spacer\"><\/div>\n\n\n\n<div class=\"wp-block-media-text alignwide is-stacked-on-mobile\" style=\"grid-template-columns:25% auto\"><figure class=\"wp-block-media-text__media\"><img loading=\"lazy\" decoding=\"async\" width=\"1024\" height=\"471\" src=\"https:\/\/www.microports.de\/wp-content\/uploads\/2023\/05\/DhochN_Logo_hoch_dunkel-1024x471.png\" alt=\"\" class=\"wp-image-343 size-full\" srcset=\"https:\/\/www.microports.de\/wp-content\/uploads\/2023\/05\/DhochN_Logo_hoch_dunkel-1024x471.png 1024w, https:\/\/www.microports.de\/wp-content\/uploads\/2023\/05\/DhochN_Logo_hoch_dunkel-300x138.png 300w, https:\/\/www.microports.de\/wp-content\/uploads\/2023\/05\/DhochN_Logo_hoch_dunkel-768x353.png 768w, https:\/\/www.microports.de\/wp-content\/uploads\/2023\/05\/DhochN_Logo_hoch_dunkel-1536x706.png 1536w, https:\/\/www.microports.de\/wp-content\/uploads\/2023\/05\/DhochN_Logo_hoch_dunkel-2048x941.png 2048w\" sizes=\"auto, (max-width: 1024px) 100vw, 1024px\" \/><\/figure><div class=\"wp-block-media-text__content\">\n<p style=\"font-size:30px\"><strong><strong>DhochN-Jade Digital Engineer<\/strong>ing GmbH<\/strong><\/p>\n\n\n\n<p>Die DhochN-Jade Digital Engineering GmbH geh\u00f6rt zum international operierenden, interdisziplin\u00e4ren Planungs- und Beratungsunternehmen <a href=\"https:\/\/dhochn.com\/\">DhochN<\/a>. Das Unternehmen begleitet und ber\u00e4t Bauherren und Unternehmen der Bau- und Immobilienwirtschaft bei der Implementierung von digitalen Prozessen, der Planung, Errichtung und dem Betreiben von Bauwerken.<\/p>\n<\/div><\/div>\n\n\n\n<div style=\"height:30px\" aria-hidden=\"true\" class=\"wp-block-spacer\"><\/div>\n","protected":false},"excerpt":{"rendered":"<p>BIBA Das BIBA \u2013 Bremer Institut f\u00fcr Produktion und Logistik GmbH ist ein ingenieurwissenschaftliches Forschungsinstitut. Im Juli 1981 wurde es als An-Institut der Universit\u00e4t Bremen gegr\u00fcndet und z\u00e4hlt heute zu den gr\u00f6\u00dferen Forschungseinrichtungen im Land. Die Besch\u00e4ftigten stammen aus sehr unterschiedlichen Disziplinen, was die Basis bildet, um innovative technische und organisatorische L\u00f6sungen zu erforschen und [&hellip;]<\/p>\n","protected":false},"author":4,"featured_media":0,"parent":0,"menu_order":0,"comment_status":"closed","ping_status":"closed","template":"","meta":{"_coblocks_attr":"","_coblocks_dimensions":"","_coblocks_responsive_height":"","_coblocks_accordion_ie_support":"","hide_page_title":"","footnotes":""},"class_list":["post-38","page","type-page","status-publish","hentry"],"_links":{"self":[{"href":"https:\/\/www.microports.de\/index.php\/wp-json\/wp\/v2\/pages\/38","targetHints":{"allow":["GET"]}}],"collection":[{"href":"https:\/\/www.microports.de\/index.php\/wp-json\/wp\/v2\/pages"}],"about":[{"href":"https:\/\/www.microports.de\/index.php\/wp-json\/wp\/v2\/types\/page"}],"author":[{"embeddable":true,"href":"https:\/\/www.microports.de\/index.php\/wp-json\/wp\/v2\/users\/4"}],"replies":[{"embeddable":true,"href":"https:\/\/www.microports.de\/index.php\/wp-json\/wp\/v2\/comments?post=38"}],"version-history":[{"count":19,"href":"https:\/\/www.microports.de\/index.php\/wp-json\/wp\/v2\/pages\/38\/revisions"}],"predecessor-version":[{"id":399,"href":"https:\/\/www.microports.de\/index.php\/wp-json\/wp\/v2\/pages\/38\/revisions\/399"}],"wp:attachment":[{"href":"https:\/\/www.microports.de\/index.php\/wp-json\/wp\/v2\/media?parent=38"}],"curies":[{"name":"wp","href":"https:\/\/api.w.org\/{rel}","templated":true}]}}